prime?
True
Is 394813393571 composite?
False
Is 68879154109 a composite number?
False
Is 1254368879 prime?
True
Is 54998599 composite?
False
Is 24461987789 composite?
False
Is 2147093041 a prime number?
True
Is 51122307229 composite?
True
Is 449389331 prime?
True
Is 18408520231 a composite number?
False
Is 81967891607 a prime number?
False
Is 3538312474 a prime number?
False
Is 61254935081 a prime number?
False
Is 4941267853 a composite number?
False
Is 214239446 a prime number?
False
Is 4653430591 a prime number?
True
Is 909194369 composite?
False
Is 15184416719 composite?
True
Is 68275259447 a prime number?
False
Is 317248727 prime?
False
Is 1120651669 prime?
False
Is 2137194419 composite?
True
Is 4706125483 a composite number?
False
Is 1020710543 a prime number?
True
Is 2274048919 composite?
True
Is 24534258583 a prime number?
True
Is 92682918421 composite?
True
Is 17880518351 a prime number?
False
Is 5194679291 prime?
True
Is 25612212079 composite?
False
Is 11955662113 prime?
True
Is 552877291 prime?
False
Is 36740537299 a composite number?
False
Is 312083963 composite?
False
Is 5465930587 a composite number?
True
Is 1812086099 composite?
False
Is 32350314109 a composite number?
True
Is 1770840845 composite?
True
Is 229113837811 a prime number?
False
Is 2188073411 composite?
False
Is 1063738387 a prime number?
True
Is 460240511 prime?
False
Is 3454538729 composite?
True
Is 5307078761 prime?
True
Is 4335449983 a prime number?
True
Is 85757912069 composite?
True
Is 17370231677 a composite number?
True
Is 4071408541 prime?
True
Is 9620496199 a prime number?
True
Is 493276778 prime?
False
Is 298618336663 prime?
True
Is 4562871277 a composite number?
False
Is 3480673937 composite?
True
Is 6690137 a prime number?
False
Is 244937611 composite?
False
Is 9911209807 a prime number?
True
Is 346109479 prime?
True
Is 105452651003 composite?
True
Is 2167988443 composite?
False
Is 1462522249 prime?
False
Is 16126866397 composite?
True
Is 225042943 a prime number?
False
Is 131133983 prime?
False
Is 26163975113 prime?
True
Is 24345159551 composite?
False
Is 16151609083 a composite number?
False
Is 1122985393 a prime number?
False
Is 33621462965 composite?
True
Is 1054472791 a composite number?
False
Is 5335071031 a prime number?
False
Is 28743269 a composite number?
False
Is 2060845399 composite?
False
Is 354084949 composite?
False
Is 9405810649 a composite number?
False
Is 9974093 a composite number?
False
Is 207468803 a composite number?
False
Is 507058961 a prime number?
False
Is 3752115709 a prime number?
False
Is 273054527 a composite number?
True
Is 3214383131 prime?
True
Is 176650813 a prime number?
False
Is 1929569303 a composite number?
True
Is 107486718683 a prime number?
True
Is 251301521 prime?
False
Is 6184365578 composite?
True
Is 4592303 prime?
True
Is 2877070951 prime?
False
Is 2198245031 a prime number?
True
Is 6396563581 a prime number?
True
Is 5269780829 composite?
False
Is 3458663147 a composite number?
True
Is 6713787347 a prime number?
False
Is 59428478357 a prime number?
True
Is 23301358843 a prime number?
False
Is 37463303 composite?
False
Is 10492508459 composite?
False
Is 3020500739 a composite number?
False
Is 47410192763 a composite number?
True
Is 567808277 a prime number?
True
Is 8915297041 a prime number?
False
Is 3404205793 composite?
False
Is 521561059 composite?
True
Is 381972814 composite?
True
Is 3014022982 prime?
False
Is 8525215483 composite?
False
Is 2261182669 a prime number?
True
Is 22261587559 a composite number?
False
Is 47703491929 prime?
True
Is 10624149461 a prime number?
False
Is 132359351 composite?
True
Is 269880907 a composite number?
True
Is 15662650631 composite?
False
Is 1283410357 a prime number?
True
Is 31017334519 prime?
False
Is 2162048003 a prime number?
False
Is 9647115249 a prime number?
False
Is 82694819507 composite?
False
Is 2873250031 composite?
False
Is 7639788659 a composite number?
False
Is 707954246 a prime number?
False
Is 28041900791 composite?
True
Is 367339789 composite?
True
Is 211939937 composite?
True
Is 11380219127 composite?
False
Is 1895439617 a composite number?
True
Is 12283920391 a composite number?
True
Is 714020221 prime?
False
Is 2598975697 prime?
True
Is 209154475447 a composite number?
False
Is 980275753 a prime number?
True
Is 446348939 prime?
False
Is 1311216197 prime?
False
Is 270930974479 a composite number?
True
Is 4447631759 a prime number?
True
Is 99944411929 a composite number?
False
Is 22601931959 a prime number?
True
Is 33613630034 prime?
False
Is 612296117 prime?
True
Is 465348073 composite?
True
Is 47536804417 prime?
True
Is 787164538 prime?
False
Is 4731694445 a composite number?
True
Is 1046051107 a composite number?
True
Is 90170855309 a composite number?
False
Is 821878529 prime?
True
Is 64223843 composite?
True
Is 23164106089 a composite number?
True
Is 2039565629 prime?
True
Is 49506698407 a composite number?
False
Is 806065471 a prime number?
False
Is 61331834 a prime number?
False
Is 43063582001 a composite number?
True
Is 1173422735 a composite number?
True
Is 3499748281 composite?
False
Is 11694803959 composite?
False
Is 103742791 a prime number?
True
Is 79720909 a composite number?
False
Is 477735439 a prime number?
False
Is 22294988059 composite?
True
Is 652895147 prime?
True
Is 978633307 composite?
False
Is 4325413163 a composite number?
False
Is 4815275479 a composite number?
True
Is 700950067 a prime number?
True
Is 24107927399 a composite number?
True
Is 217484359 composite?
True
Is 199871627 a prime number?
False
Is 9758579131 a composite number?
True
Is 1844789767 prime?
True
Is 1492931417 a prime number?
True
Is 160492269241 a composite number?
True
Is 66008539 prime?
False
Is 17832662773 prime?
False
Is 20782282679 a prime number?
False
Is 424334663 composite?
False
Is 246229499 prime?
True
Is 18283105079 prime?
False
Is 1091341717 a composite number?
True
Is 489161147 prime?
False
Is 2635779523 a prime number?
False
Is 10543847309 a prime number?
True
Is 3865533173 prime?
False
Is 2147454761 a composite number?
False
Is 42143480077 composite?
False
Is 147338971699 composite?
True
Is 11588155573 composite?
True
Is 160827943 a prime number?
False
Is 1888363889 prime?
False
Is 733708331 a prime number?
False
Is 5037032095 prime?
False
Is 124741069 composite?
True
Is 107563271 composite?
True
Is 506627227 prime?
False
Is 7796296661 a composite number?
True
Is 3407122739 a prime number?
False
Is 87680639 a prime number?
False
Is 954685217 prime?
False
Is 11120179747 a prime number?
True
Is 185996363 a prime number?
False
Is 1846495357 prime?
False
Is 57129654577 a prime number?
True
Is 3244878863 a prime number?
True
Is 3019354291 a composite number?
False
Is 1717541179 composite?
True
Is 926144603 prime?
True
Is 59997359 a composite number?
False
Is 44421671717 a composite number?
False
Is 25545932403 composite?
True
Is 448583957 composite?
True
Is 130097136853 a prime number?
False
Is 56264993693 composite?
True
Is 2890657691 a composite number?
True
Is 37008755239 composite?
False
Is 51231014657 a prime number?
True
Is 546953707 prime?
True
Is 1222147699 prime?
True
Is 2084497 composite?
True
Is 164468362591 a prime number?
False
Is 2402067151 a prime number?
False
Is 3160348823 composite?
False
Is 6057763237 prime?
False
Is 224014147 a prime number?
False
Is 12743711 a prime number?
False
Is 334835411 a composite number?
True
Is 38403507809 a prime number?
True
Is 50929233193 composite?
True
Is 381076721 a composite number?
True
Is 47136367 a prime number?
False
Is 5299254991 prime?
False
Is 1268778499 prime?
False
Is 45662927 a prime number?
True
Is 199156667 prime?
True
Is 30288046237 a prime number?
True
Is 1307449727 composite?
False
Is 15925516939 a prime number?
False
Is 22031793541 composite?
True
Is 10399337 a composite number?
True
Is 38545607 prime?
False
Is 910860341 a prime number?
False
Is 173439631 a prime number?
False
Is 27988479133 composite?
False
Is 423961429 a prime number?
False
Is 383550851 composite?
False
Is 184466444111 a prime number?
True
Is 83084533433 composite?
True
Is 68305285351 a prime number?
True
Is 7595813359 composite?
False
Is 4512361013 a prime number?
False
Is 71305729841 a prime number?
False
Is